[Help] LogCat of my miui port... - Galaxy Ace S5830 Q&A, Help & Troubleshooting

Hi guys, im new here at xda, hello to everyone i'm trying to port a miui rom to our sga but im not experienced with roms and errors and how to fix it, im on a very fast and stable pre-relase buut im getting problems with sms, when I install usually works, but if I install some application requiring permission to receive and send sms (facebook messenger, viber, whatsapp ...) messages lock, facebook messenger even opens, the phone restarts after login, after installed any of these applications the phone restarts to receive any messages, a 3 reboots after the message arrives, logcat:
Code:
D/MIUI_Mms( 1759): New SMS Message Received
W/dalvikvm( 1676): threadid=10: thread exiting with uncaught exception (group=0x40018560)
E/AndroidRuntime( 1676): *** FATAL EXCEPTION IN SYSTEM PROCESS: ActivityManager
E/AndroidRuntime( 1676): java.util.MissingFormatArgumentException: Format specifier: 3$s
E/AndroidRuntime( 1676): at java.util.Formatter.getArgument(Formatter.java:1131)
E/AndroidRuntime( 1676): at java.util.Formatter.doFormat(Formatter.java:1096)
E/AndroidRuntime( 1676): at java.util.Formatter.format(Formatter.java:1062)
E/AndroidRuntime( 1676): at java.util.Formatter.format(Formatter.java:1031)
E/AndroidRuntime( 1676): at java.lang.String.format(String.java:2177)
E/AndroidRuntime( 1676): at android.content.res.Resources.getString(Resources.java:286)
E/AndroidRuntime( 1676): at com.android.server.am.PackageGuardian$PackageBehaviorWitness.<init>(PackageGuardian.java:883)
E/AndroidRuntime( 1676): at com.android.server.am.PackageGuardian.seekWitness(PackageGuardian.java:1534)
E/AndroidRuntime( 1676): at com.android.server.am.ActivityManagerService$3.handleMessage(ActivityManagerService.java:1041)
E/AndroidRuntime( 1676): at android.os.Handler.dispatchMessage(Handler.java:99)
E/AndroidRuntime( 1676): at android.os.Looper.loop(Looper.java:130)
E/AndroidRuntime( 1676): at com.android.server.am.ActivityManagerService$AThread.run(ActivityManagerService.java:1529)
D/dalvikvm( 1759): GC_CONCURRENT freed 251K, 46% free 3341K/6087K, external 0K/0K, paused 11ms+13ms
D/Reminder( 1927): Release wakelock with sequence1
W/KeyCharacterMap( 1766): Can't open keycharmap file
W/KeyCharacterMap( 1766): Error loading keycharmap file '/system/usr/keychars/sec_touchscreen.kcm.bin'. hw.keyboards.65537.devname='sec_touchscreen'
W/KeyCharacterMap( 1766): Using default keymap: /system/usr/keychars/qwerty.kcm.bin
W/ActivityManager( 1676): Permission Denial: receiving Intent { act=android.provider.Telephony.SMS_RECEIVED (has extras) } to com.facebook.orca requires android.permission.RECEIVE_SMS due to sender com.android.phone (uid 1001)
I/Process ( 1676): Sending signal. PID: 1676 SIG: 9
W/InputManagerService( 1676): Window already focused, ignoring focus gain of: [email protected]
I/ActivityThread( 1766): Removing dead content provider: settings
I/ActivityThread( 1927): Removing dead content provider: settings
I/ActivityThread( 1927): Removing dead content provider: telocation
I/ActivityThread( 1927): Removing dead content provider: yellowpage
I/ActivityThread( 1802): Removing dead content provider: settings
I/ActivityThread( 1759): Removing dead content provider: settings
I/ActivityThread( 1759): Removing dead content provider: yellowpage
I/ActivityThread( 1753): Removing dead content provider: settings
I/ServiceManager( 1025): service 'SurfaceFlinger' died
I/ServiceManager( 1025): service 'sensorservice' died
I/ServiceManager( 1025): service 'entropy' died
I/ServiceManager( 1025): service 'power' died
I/ServiceManager( 1025): service 'batteryinfo' died
I/ServiceManager( 1025): service 'usagestats' died
I/ServiceManager( 1025): service 'guardian' died
I/ServiceManager( 1025): service 'connectivity' died
I/ServiceManager( 1025): service 'wallpaper' died
I/ServiceManager( 1025): service 'dropbox' died
I/ServiceManager( 1025): service 'notification' died
I/ServiceManager( 1025): service 'search' died
I/ServiceManager( 1025): service 'accessibility' died
I/ServiceManager( 1025): service 'package' died
I/ServiceManager( 1025): service 'wifi' died
I/ServiceManager( 1025): service 'activity' died
I/ServiceManager( 1025): service 'meminfo' died
I/ServiceManager( 1025): service 'cpuinfo' died
I/ServiceManager( 1025): service 'permission' died
I/ServiceManager( 1025): service 'telephony.registry' died
I/ServiceManager( 1025): service 'uimode' died
I/ServiceManager( 1025): service 'throttle' died
I/ServiceManager( 1025): service 'audio' died
I/ServiceManager( 1025): service 'backup' died
I/ServiceManager( 1025): service 'appwidget' died
I/ServiceManager( 1025): service 'diskstats' died
I/ServiceManager( 1025): service 'usb' died
I/ServiceManager( 1025): service 'account' died
I/ServiceManager( 1025): service 'devicestoragemonitor' died
I/ServiceManager( 1025): service 'location' died
I/ServiceManager( 1025): service 'mount' died
I/ServiceManager( 1025): service 'content' died
I/ServiceManager( 1025): service 'vibrator' died
I/ServiceManager( 1025): service 'battery' died
I/ServiceManager( 1025): service 'hardware' died
I/ServiceManager( 1025): service 'alarm' died
I/ServiceManager( 1025): service 'window' died
I/ServiceManager( 1025): service 'bluetooth' died
I/ServiceManager( 1025): service 'statusbar' died
I/ServiceManager( 1025): service 'bluetooth_a2dp' died
I/ServiceManager( 1025): service 'device_policy' died
I/ServiceManager( 1025): service 'clipboard' died
I/ServiceManager( 1025): service 'input_method' died
I/ServiceManager( 1025): service 'netstat' died
I/ServiceManager( 1025): service 'network_management' died
I/ActivityThread( 2096): Removing dead content provider: settings
I/ActivityThread( 1742): Removing dead content provider: settings
I/ActivityThread( 1856): Removing dead content provider: settings
I/ActivityThread( 1896): Removing dead content provider: settings
I/ActivityThread( 1811): Removing dead content provider: settings
E/installd( 1033): eof
E/installd( 1033): failed to read size
I/installd( 1033): closing connection
E/InputQueue-JNI( 1742): channel '407324b8 StatusBarExpanded (client)' ~ Publisher closed input channel or an error occurred. events=0x8
E/InputQueue-JNI( 1742): channel '40631538 StatusBar (client)' ~ Publisher closed input channel or an error occurred. events=0x8
E/InputQueue-JNI( 1742): channel '4072a610 TrackingView (client)' ~ Publisher closed input channel or an error occurred. events=0x8
E/InputQueue-JNI( 1766): channel '40691ef0 com.android.launcher/com.android.launcher2.Launcher (client)' ~ Publisher closed input channel or an error occurred. events=0x8
I/Zygote ( 1666): Exit zygote because system server (1676) has terminated
I/ServiceManager( 1025): service 'media.player' died
I/ServiceManager( 1025): service 'media.audio_policy' died
I/ServiceManager( 1025): service 'media.audio_flinger' died
I/ServiceManager( 1025): service 'media.camera' died
I/ServiceManager( 1025): service 'phone' died
I/ServiceManager( 1025): service 'isms' died
I/ServiceManager( 1025): service 'simphonebook' died
I/ServiceManager( 1025): service 'iphonesubinfo' died
I/ServiceManager( 1025): service 'sip' died
and here is what happens when i try to open facebook messenger:
Code:
I/ActivityManager( 2763): Starting: Intent { cmp=com.facebook.orca/.threadlist.ThreadListActivity } from pid 3298
D/dalvikvm( 3298): GC_CONCURRENT freed 302K, 34% free 5513K/8263K, external 0K/0K, paused 4ms+7ms
D/GCM ( 3150): COMPAT: Single user
D/GCM ( 3150): No ConnectivityManager.isNetworkTypeMobile
W/msgr(:<default>):fb:MqttPushService( 3298): Attempt to start service that is already started
I/dalvikvm( 3298): Jit: resizing JitTable from 512 to 1024
D/dalvikvm( 3298): GC_CONCURRENT freed 574K, 35% free 5834K/8903K, external 0K/0K, paused 5ms+6ms
D/dalvikvm( 3298): GC_FOR_MALLOC freed 103K, 35% free 5934K/9095K, external 0K/0K, paused 68ms
I/dalvikvm( 3298): Could not find method android.view.View.getAlpha, referenced from method com.facebook.widget.as.getAlpha
W/dalvikvm( 3298): VFY: unable to resolve virtual method 2609: Landroid/view/View;.getAlpha ()F
D/dalvikvm( 3298): VFY: replacing opcode 0x6e at 0x0006
D/dalvikvm( 3298): VFY: dead code 0x0009-0009 in Lcom/facebook/widget/as;.getAlpha ()F
I/dalvikvm( 3298): Could not find method android.view.View.getPivotX, referenced from method com.facebook.widget.as.getPivotX
W/dalvikvm( 3298): VFY: unable to resolve virtual method 2632: Landroid/view/View;.getPivotX ()F
D/dalvikvm( 3298): VFY: replacing opcode 0x6e at 0x0006
D/dalvikvm( 3298): VFY: dead code 0x0009-0009 in Lcom/facebook/widget/as;.getPivotX ()F
I/dalvikvm( 3298): Could not find method android.view.View.getPivotY, referenced from method com.facebook.widget.as.getPivotY
W/dalvikvm( 3298): VFY: unable to resolve virtual method 2633: Landroid/view/View;.getPivotY ()F
D/dalvikvm( 3298): VFY: replacing opcode 0x6e at 0x0006
D/dalvikvm( 3298): VFY: dead code 0x0009-0009 in Lcom/facebook/widget/as;.getPivotY ()F
I/dalvikvm( 3298): Could not find method android.view.View.getRotation, referenced from method com.facebook.widget.as.getRotation
W/dalvikvm( 3298): VFY: unable to resolve virtual method 2636: Landroid/view/View;.getRotation ()F
D/dalvikvm( 3298): VFY: replacing opcode 0x6e at 0x0006
D/dalvikvm( 3298): VFY: dead code 0x0009-0009 in Lcom/facebook/widget/as;.getRotation ()F
I/dalvikvm( 3298): Could not find method android.view.View.getScaleX, referenced from method com.facebook.widget.as.getScaleX
W/dalvikvm( 3298): VFY: unable to resolve virtual method 2637: Landroid/view/View;.getScaleX ()F
D/dalvikvm( 3298): VFY: replacing opcode 0x6e at 0x0006
D/dalvikvm( 3298): VFY: dead code 0x0009-0009 in Lcom/facebook/widget/as;.getScaleX ()F
I/dalvikvm( 3298): Could not find method android.view.View.getScaleY, referenced from method com.facebook.widget.as.getScaleY
W/dalvikvm( 3298): VFY: unable to resolve virtual method 2638: Landroid/view/View;.getScaleY ()F
D/dalvikvm( 3298): VFY: replacing opcode 0x6e at 0x0006
D/dalvikvm( 3298): VFY: dead code 0x0009-0009 in Lcom/facebook/widget/as;.getScaleY ()F
I/dalvikvm( 3298): Could not find method android.view.View.getTranslationX, referenced from method com.facebook.widget.as.getTranslationX
W/dalvikvm( 3298): VFY: unable to resolve virtual method 2643: Landroid/view/View;.getTranslationX ()F
D/dalvikvm( 3298): VFY: replacing opcode 0x6e at 0x0006
D/dalvikvm( 3298): VFY: dead code 0x0009-0009 in Lcom/facebook/widget/as;.getTranslationX ()F
I/dalvikvm( 3298): Could not find method android.view.View.getTranslationY, referenced from method com.facebook.widget.as.getTranslationY
W/dalvikvm( 3298): VFY: unable to resolve virtual method 2644: Landroid/view/View;.getTranslationY ()F
D/dalvikvm( 3298): VFY: replacing opcode 0x6e at 0x0006
D/dalvikvm( 3298): VFY: dead code 0x0009-0009 in Lcom/facebook/widget/as;.getTranslationY ()F
I/dalvikvm( 3298): Could not find method android.view.View.getX, referenced from method com.facebook.widget.as.getX
W/dalvikvm( 3298): VFY: unable to resolve virtual method 2650: Landroid/view/View;.getX ()F
D/dalvikvm( 3298): VFY: replacing opcode 0x6e at 0x0006
D/dalvikvm( 3298): VFY: dead code 0x0009-0009 in Lcom/facebook/widget/as;.getX ()F
I/dalvikvm( 3298): Could not find method android.view.View.getY, referenced from method com.facebook.widget.as.getY
W/dalvikvm( 3298): VFY: unable to resolve virtual method 2651: Landroid/view/View;.getY ()F
D/dalvikvm( 3298): VFY: replacing opcode 0x6e at 0x0006
D/dalvikvm( 3298): VFY: dead code 0x0009-0009 in Lcom/facebook/widget/as;.getY ()F
I/dalvikvm( 3298): Could not find method android.view.View.setAlpha, referenced from method com.facebook.widget.as.setAlpha
W/dalvikvm( 3298): VFY: unable to resolve virtual method 2692: Landroid/view/View;.setAlpha (F)V
D/dalvikvm( 3298): VFY: replacing opcode 0x6e at 0x0006
I/dalvikvm( 3298): Could not find method android.view.View.setPivotX, referenced from method com.facebook.widget.as.setPivotX
W/dalvikvm( 3298): VFY: unable to resolve virtual method 2709: Landroid/view/View;.setPivotX (F)V
D/dalvikvm( 3298): VFY: replacing opcode 0x6e at 0x0006
I/dalvikvm( 3298): Could not find method android.view.View.setPivotY, referenced from method com.facebook.widget.as.setPivotY
W/dalvikvm( 3298): VFY: unable to resolve virtual method 2710: Landroid/view/View;.setPivotY (F)V
D/dalvikvm( 3298): VFY: replacing opcode 0x6e at 0x0006
I/dalvikvm( 3298): Could not find method android.view.View.setRotation, referenced from method com.facebook.widget.as.setRotation
W/dalvikvm( 3298): VFY: unable to resolve virtual method 2711: Landroid/view/View;.setRotation (F)V
D/dalvikvm( 3298): VFY: replacing opcode 0x6e at 0x0006
I/dalvikvm( 3298): Could not find method android.view.View.setScaleX, referenced from method com.facebook.widget.as.setScaleX
W/dalvikvm( 3298): VFY: unable to resolve virtual method 2712: Landroid/view/View;.setScaleX (F)V
D/dalvikvm( 3298): VFY: replacing opcode 0x6e at 0x0006
I/dalvikvm( 3298): Could not find method android.view.View.setScaleY, referenced from method com.facebook.widget.as.setScaleY
W/dalvikvm( 3298): VFY: unable to resolve virtual method 2713: Landroid/view/View;.setScaleY (F)V
D/dalvikvm( 3298): VFY: replacing opcode 0x6e at 0x0006
I/dalvikvm( 3298): Could not find method android.view.View.setTranslationX, referenced from method com.facebook.widget.as.setTranslationX
W/dalvikvm( 3298): VFY: unable to resolve virtual method 2715: Landroid/view/View;.setTranslationX (F)V
D/dalvikvm( 3298): VFY: replacing opcode 0x6e at 0x0006
I/dalvikvm( 3298): Could not find method android.view.View.setTranslationY, referenced from method com.facebook.widget.as.setTranslationY
W/dalvikvm( 3298): VFY: unable to resolve virtual method 2716: Landroid/view/View;.setTranslationY (F)V
D/dalvikvm( 3298): VFY: replacing opcode 0x6e at 0x0006
I/dalvikvm( 3298): Could not find method android.view.View.setX, referenced from method com.facebook.widget.as.setX
W/dalvikvm( 3298): VFY: unable to resolve virtual method 2719: Landroid/view/View;.setX (F)V
D/dalvikvm( 3298): VFY: replacing opcode 0x6e at 0x0006
I/dalvikvm( 3298): Could not find method android.view.View.setY, referenced from method com.facebook.widget.as.setY
W/dalvikvm( 3298): VFY: unable to resolve virtual method 2720: Landroid/view/View;.setY (F)V
D/dalvikvm( 3298): VFY: replacing opcode 0x6e at 0x0006
D/dalvikvm( 3298): GC_FOR_MALLOC freed 203K, 36% free 6132K/9479K, external 0K/0K, paused 66ms
I/dalvikvm-heap( 3298): Grow heap (frag case) to 8.640MB for 278881-byte allocation
D/dalvikvm( 3298): GC_FOR_MALLOC freed <1K, 35% free 6405K/9799K, external 0K/0K, paused 62ms
D/dalvikvm( 2876): GC_CONCURRENT freed 413K, 47% free 3371K/6279K, external 0K/512K, paused 5ms+15ms
D/dalvikvm( 3298): GC_FOR_MALLOC freed 618K, 37% free 6256K/9799K, external 0K/0K, paused 155ms
D/dalvikvm( 3298): GC_FOR_MALLOC freed 243K, 35% free 6459K/9799K, external 0K/0K, paused 64ms
D/dalvikvm( 3298): GC_FOR_MALLOC freed 611K, 36% free 6530K/10119K, external 0K/0K, paused 72ms
D/dalvikvm( 3298): GC_FOR_MALLOC freed 193K, 34% free 6729K/10119K, external 0K/0K, paused 74ms
I/dalvikvm( 3298): Could not find method android.view.LayoutInflater.setFactory2, referenced from method android.support.v4.app.e.setFactory2
W/dalvikvm( 3298): VFY: unable to resolve virtual method 2512: Landroid/view/LayoutInflater;.setFactory2 (Landroid/view/LayoutInflater$Factory2;)V
D/dalvikvm( 3298): VFY: replacing opcode 0x6f at 0x0000
D/dalvikvm( 3298): VFY: dead code 0x0003-0008 in Landroid/support/v4/app/e;.setFactory2 (Landroid/view/LayoutInflater$Factory2;)V
D/dalvikvm( 3298): GC_EXTERNAL_ALLOC freed 476K, 34% free 6942K/10439K, external 0K/0K, paused 84ms
D/dalvikvm( 2763): GC_EXPLICIT freed 681K, 43% free 5405K/9351K, external 3402K/4196K, paused 152ms
D/dalvikvm( 3298): GC_CONCURRENT freed 196K, 25% free 7927K/10567K, external 213K/521K, paused 6ms+8ms
W/dalvikvm( 2763): threadid=10: thread exiting with uncaught exception (group=0x40018560)
E/AndroidRuntime( 2763): *** FATAL EXCEPTION IN SYSTEM PROCESS: ActivityManager
E/AndroidRuntime( 2763): java.util.MissingFormatArgumentException: Format specifier: 3$s
E/AndroidRuntime( 2763): at java.util.Formatter.getArgument(Formatter.java:1131)
E/AndroidRuntime( 2763): at java.util.Formatter.doFormat(Formatter.java:1096)
E/AndroidRuntime( 2763): at java.util.Formatter.format(Formatter.java:1062)
E/AndroidRuntime( 2763): at java.util.Formatter.format(Formatter.java:1031)
E/AndroidRuntime( 2763): at java.lang.String.format(String.java:2177)
E/AndroidRuntime( 2763): at android.content.res.Resources.getString(Resources.java:286)
E/AndroidRuntime( 2763): at com.android.server.am.PackageGuardian$PackageBehaviorWitness.<init>(PackageGuardian.java:883)
E/AndroidRuntime( 2763): at com.android.server.am.PackageGuardian.seekWitness(PackageGuardian.java:1534)
E/AndroidRuntime( 2763): at com.android.server.am.ActivityManagerService$3.handleMessage(ActivityManagerService.java:1041)
E/AndroidRuntime( 2763): at android.os.Handler.dispatchMessage(Handler.java:99)
E/AndroidRuntime( 2763): at android.os.Looper.loop(Looper.java:130)
E/AndroidRuntime( 2763): at com.android.server.am.ActivityManagerService$AThread.run(ActivityManagerService.java:1529)
I/Process ( 2763): Sending signal. PID: 2763 SIG: 9
D/dalvikvm( 3298): GC_CONCURRENT freed 860K, 28% free 8926K/12231K, external 191K/521K, paused 7ms+8ms
I/ServiceManager( 1025): service 'SurfaceFlinger' died
I/ServiceManager( 1025): service 'sensorservice' died
I/ServiceManager( 1025): service 'entropy' died
I/ServiceManager( 1025): service 'power' died
I/ServiceManager( 1025): service 'batteryinfo' died
I/ServiceManager( 1025): service 'usagestats' died
I/ServiceManager( 1025): service 'guardian' died
I/ServiceManager( 1025): service 'package' died
I/ServiceManager( 1025): service 'backup' died
I/ServiceManager( 1025): service 'appwidget' died
I/ServiceManager( 1025): service 'diskstats' died
I/ServiceManager( 1025): service 'activity' died
I/ServiceManager( 1025): service 'meminfo' died
I/ServiceManager( 1025): service 'cpuinfo' died
I/ServiceManager( 1025): service 'permission' died
I/ServiceManager( 1025): service 'telephony.registry' died
I/ServiceManager( 1025): service 'wallpaper' died
I/ServiceManager( 1025): service 'account' died
I/ServiceManager( 1025): service 'notification' died
I/ServiceManager( 1025): service 'usb' died
I/ServiceManager( 1025): service 'audio' died
I/ServiceManager( 1025): service 'dropbox' died
I/ServiceManager( 1025): service 'throttle' died
I/ServiceManager( 1025): service 'uimode' died
I/ServiceManager( 1025): service 'search' died
I/ServiceManager( 1025): service 'connectivity' died
I/ServiceManager( 1025): service 'accessibility' died
I/ServiceManager( 1025): service 'location' died
I/ServiceManager( 1025): service 'content' died
I/ServiceManager( 1025): service 'wifi' died
I/ServiceManager( 1025): service 'devicestoragemonitor' died
I/ServiceManager( 1025): service 'battery' died
I/ServiceManager( 1025): service 'vibrator' died
I/ServiceManager( 1025): service 'hardware' died
I/ServiceManager( 1025): service 'alarm' died
I/ServiceManager( 1025): service 'window' died
I/ServiceManager( 1025): service 'bluetooth' died
I/ServiceManager( 1025): service 'bluetooth_a2dp' died
I/ServiceManager( 1025): service 'device_policy' died
I/ServiceManager( 1025): service 'statusbar' died
I/ServiceManager( 1025): service 'clipboard' died
I/ServiceManager( 1025): service 'mount' died
I/ServiceManager( 1025): service 'input_method' died
I/ServiceManager( 1025): service 'netstat' died
I/ServiceManager( 1025): service 'network_management' died
I/ActivityThread( 2850): Removing dead content provider: yellowpage
I/ActivityThread( 2850): Removing dead content provider: settings
I/ActivityThread( 3015): Removing dead content provider: yellowpage
I/ActivityThread( 3015): Removing dead content provider: settings
I/ActivityThread( 3015): Removing dead content provider: telocation
I/ActivityThread( 2980): Removing dead content provider: settings
I/ActivityThread( 2876): Removing dead content provider: settings
I/ActivityThread( 2840): Removing dead content provider: settings
I/ActivityThread( 2829): Removing dead content provider: settings
I/ActivityThread( 2894): Removing dead content provider: settings
I/ActivityThread( 2931): Removing dead content provider: settings
I/ActivityThread( 3142): Removing dead content provider: settings
I/ActivityThread( 3179): Removing dead content provider: settings
D/AndroidRuntime( 3298): Shutting down VM
W/dalvikvm( 3298): threadid=1: thread exiting with uncaught exception (group=0x40018560)
E/ACRA ( 3298): ACRA caught a NullPointerException exception for com.facebook.orca. Building report.
I/ActivityThread( 2853): Removing dead content provider: settings
D/ACRA ( 3298): Generating crash report file.
E/installd( 1033): eof
E/installd( 1033): failed to read size
I/installd( 1033): closing connection
D/ACRA ( 3298): Retrieve SharedPreferences ACRA
I/dalvikvm( 3298): Jit: resizing JitTable from 1024 to 2048
E/ACRA ( 3298): An error occurred while gathering crash data ...
E/ACRA ( 3298): java.lang.NullPointerException
E/ACRA ( 3298): at org.acra.ErrorReporter.getProcessNameFromAmsOrNull(ErrorReporter.java:379)
E/ACRA ( 3298): at org.acra.ErrorReporter.getProcessName(ErrorReporter.java:413)
E/ACRA ( 3298): at org.acra.ErrorReporter.retrieveCrashData(ErrorReporter.java:566)
E/ACRA ( 3298): at org.acra.ErrorReporter.gatherCrashData(ErrorReporter.java:828)
E/ACRA ( 3298): at org.acra.ErrorReporter.handleException(ErrorReporter.java:955)
E/ACRA ( 3298): at org.acra.ErrorReporter.handleException(ErrorReporter.java:880)
E/ACRA ( 3298): at org.acra.ErrorReporter.handleException(ErrorReporter.java:1033)
E/ACRA ( 3298): at org.acra.ErrorReporter.uncaughtException(ErrorReporter.java:759)
E/ACRA ( 3298): at java.lang.ThreadGroup.uncaughtException(ThreadGroup.java:854)
E/ACRA ( 3298): at java.lang.ThreadGroup.uncaughtException(ThreadGroup.java:851)
E/ACRA ( 3298): at dalvik.system.NativeStart.main(Native Method)
E/ACRA ( 3298): An error occurred while gathering crash data ...
E/ACRA ( 3298): java.lang.NullPointerException
E/ACRA ( 3298): at org.acra.ErrorReporter.getProcessNameFromAmsOrNull(ErrorReporter.java:379)
E/ACRA ( 3298): at org.acra.ErrorReporter.getProcessName(ErrorReporter.java:413)
E/ACRA ( 3298): at org.acra.ErrorReporter.retrieveCrashData(ErrorReporter.java:566)
E/ACRA ( 3298): at org.acra.ErrorReporter.gatherCrashData(ErrorReporter.java:828)
E/ACRA ( 3298): at org.acra.ErrorReporter.handleException(ErrorReporter.java:955)
E/ACRA ( 3298): at org.acra.ErrorReporter.handleException(ErrorReporter.java:880)
E/ACRA ( 3298): at org.acra.ErrorReporter.handleException(ErrorReporter.java:1033)
E/ACRA ( 3298): at org.acra.ErrorReporter.uncaughtException(ErrorReporter.java:759)
E/ACRA ( 3298): at java.lang.ThreadGroup.uncaughtException(ThreadGroup.java:854)
E/ACRA ( 3298): at java.lang.ThreadGroup.uncaughtException(ThreadGroup.java:851)
E/ACRA ( 3298): at dalvik.system.NativeStart.main(Native Method)
D/ACRA ( 3298): Mark all pending reports as approved.
D/ACRA ( 3298): Looking for error files in /data/data/com.facebook.orca/app_acra-reports
V/ACRA ( 3298): About to start ReportSenderWorker from #handleException
D/ACRA ( 3298): Add user comment to null
D/ACRA ( 3298): #checkAndSendReports - start
D/ACRA ( 3298): Looking for error files in /data/data/com.facebook.orca/app_acra-reports
I/ACRA ( 3298): Sending file 1368501954000-186190-approved.stacktrace
E/InputQueue-JNI( 2829): channel '4068ef30 StatusBarExpanded (client)' ~ Publisher closed input channel or an error occurred. events=0x8
E/InputQueue-JNI( 2829): channel '406fbac8 StatusBar (client)' ~ Publisher closed input channel or an error occurred. events=0x8
E/InputQueue-JNI( 2829): channel '406c3ad0 TrackingView (client)' ~ Publisher closed input channel or an error occurred. events=0x8
D/ACRA ( 3298): Connect to facebook com /mobile/orca_android_crash_logs/
E/InputQueue-JNI( 2853): channel '407bc8b8 com.android.launcher/com.android.launcher2.Launcher (client)' ~ Publisher closed input channel or an error occurred. events=0x8
D/dalvikvm( 2753): GC_EXPLICIT freed 20K, 50% free 2691K/5379K, external 0K/0K, paused 118ms
I/Zygote ( 2753): Exit zygote because system server (2763) has terminated
I/ServiceManager( 1025): service 'media.player' died
I/ServiceManager( 1025): service 'media.audio_policy' died
I/ServiceManager( 1025): service 'media.audio_flinger' died
I/ServiceManager( 1025): service 'media.camera' died
I/ServiceManager( 1025): service 'simphonebook' died
I/ServiceManager( 1025): service 'phone' died
I/ServiceManager( 1025): service 'isms' died
I/ServiceManager( 1025): service 'iphonesubinfo' died
I/ServiceManager( 1025): service 'sip' died
if you need the full logcat i'll attach, pleease someone help this rom is so fast and smooth, this is the problem that prevents all use: (

i think u might need to fix services
(services.jar)
or framework.jar
Sent from my S500 using xda app-developers app

Related

Crash when applying Android 1.6 Recovery Image

I'm having this really weird issue with my G1. I had been using various versions of CyanogenMod, 4.1.x, and 4.2.x with no problems. Then, all of a sudden, I could no longer upgrade to new CM versions. End result was I got stuck at the TMO logo. Long long series of troubleshooting steps over weeks followed. I eventually realized that the problem wasn't CM at all. Before I even apply CM's stuff, I am applying the signed-dream-devphone ROM that is base 1.6 android. *That* is failing. The very short version is that I see an infinitely repeating crash in adb logcat. It looks like this:
E/System ( 336): Failure starting core service
E/System ( 336): java.lang.NullPointerException
E/System ( 336): at com.android.server.PackageManagerService.scanDirLI(PackageManagerService.java:1764)
E/System ( 336): at com.android.server.PackageManagerService.<init>(PackageManagerService.java:492)
E/System ( 336): at com.android.server.PackageManagerService.main(PackageManagerService.java:266)
E/System ( 336): at com.android.server.ServerThread.run(SystemServer.java:112)
E/AndroidRuntime( 336): Crash logging skipped, no checkin service
I/SystemServer( 336): Starting Status Bar Service.
D/dalvikvm( 336): GC freed 6861 objects / 453352 bytes in 145ms
E/installd( 53): eof
E/installd( 53): failed to read size
I/installd( 53): closing connection
E/SystemServer( 336): Failure starting StatusBarService
E/SystemServer( 336): java.lang.NullPointerException
E/SystemServer( 336): at com.android.server.status.StatusBarIcon.getIcon(StatusBarIcon.java:143)
E/SystemServer( 336): at com.android.server.status.StatusBarIcon.<init>(StatusBarIcon.java:65)
E/SystemServer( 336): at com.android.server.status.StatusBarService.makeStatusBarView(StatusBarService.java:306)
E/SystemServer( 336): at com.android.server.status.StatusBarService.<init>(StatusBarService.java:237)
E/SystemServer( 336): at com.android.server.ServerThread.run(SystemServer.java:194)
E/AndroidRuntime( 336): Crash logging skipped, no checkin service
I/SystemServer( 336): Starting Clipboard Service.
I/SystemServer( 336): Starting Input Method Service.
E/SystemServer( 336): Failure starting Input Manager Service
E/SystemServer( 336): java.lang.NullPointerException
E/SystemServer( 336): at android.app.ApplicationContext.registerReceiverInternal(ApplicationContext.java:782)
E/SystemServer( 336): at android.app.ApplicationContext.registerReceiver(ApplicationContext.java:757)
E/SystemServer( 336): at android.app.ApplicationContext.registerReceiver(ApplicationContext.java:751)
E/SystemServer( 336): at com.android.server.InputMethodManagerService.<init>(InputMethodManagerService.java:437)
E/SystemServer( 336): at com.android.server.ServerThread.run(SystemServer.java:209)
E/AndroidRuntime( 336): Crash logging skipped, no checkin service
I/SystemServer( 336): Starting NetStat Service.
I/SystemServer( 336): Starting Connectivity Service.
W/dalvikvm( 336): threadid=27: thread exiting with uncaught exception (group=0x4001da28)
E/AndroidRuntime( 336): Uncaught handler: thread ConnectivityThread exiting due to uncaught exception
E/AndroidRuntime( 336): *** EXCEPTION IN SYSTEM PROCESS. System will crash.
E/AndroidRuntime( 336): java.lang.NullPointerException
E/AndroidRuntime( 336): at android.app.ActivityThread.getProvider(ActivityThread.java:3938)
E/AndroidRuntime( 336): at android.app.ActivityThread.acquireProvider(ActivityThread.java:3967)
E/AndroidRuntime( 336): at android.app.ApplicationContext$ApplicationContentResolver.acquireProvider(Applicati
onContext.java:1514)
E/AndroidRuntime( 336): at android.content.ContentResolver.acquireProvider(ContentResolver.java:579)
E/AndroidRuntime( 336): at android.content.ContentResolver.query(ContentResolver.java:147)
E/AndroidRuntime( 336): at android.provider.Settings$NameValueCache.getString(Settings.java:472)
E/AndroidRuntime( 336): at android.provider.Settings$Secure.getString(Settings.java:1649)
E/AndroidRuntime( 336): at android.provider.Settings$Secure.getInt(Settings.java:1689)
E/AndroidRuntime( 336): at com.android.server.ConnectivityService.getPersistedNetworkPreference(ConnectivitySe
rvice.java:182)
E/AndroidRuntime( 336): at com.android.server.ConnectivityService.<init>(ConnectivityService.java:123)
E/AndroidRuntime( 336): at com.android.server.ConnectivityService.<init>(ConnectivityService.java:47)
E/AndroidRuntime( 336): at com.android.server.ConnectivityService$ConnectivityThread.run(ConnectivityService.j
ava:87)
E/AndroidRuntime( 336): Crash logging skipped, no checkin service
I/Process ( 336): Sending signal. PID: 336 SIG: 9
I/ServiceManager( 45): service 'batteryinfo' died
I/ServiceManager( 45): service 'telephony.registry' died
I/ServiceManager( 45): service 'usagestats' died
I/ServiceManager( 45): service 'netstat' died
I/ServiceManager( 45): service 'SurfaceFlinger' died
I/ServiceManager( 45): service 'entropy' died
I/ServiceManager( 45): service 'power' died
I/ServiceManager( 45): service 'clipboard' died
I/Zygote ( 335): Exit zygote because system server (336) has terminated
D/AndroidRuntime( 351):
D/AndroidRuntime( 351): >>>>>>>>>>>>>> AndroidRuntime START <<<<<<<<<<<<<<
And then it starts all over.
More interesting data:
Here is a less abbreviated logcat trying to boot to CM 4.2.12.2 (spam blocker blocked the http portion): halr9000.pastebin.com/f38758ddd
I can restore to a nandroid backup of CM 4.1.99, works fine.
I can apply other ROMs just fine, such as:
JFv1.51_CRB43-ADP
haykuro_6.0r1-signed
TheDudesCupcake1.1.full-signed
Anyone have some suggestions? I am pulling out my hair over here!
thanks
Sticky: Don't Start A New Thread - Dream Questions & Answers Here!
http://forum.xda-developers.com/showthread.php?t=528334
This section is for development, which you didn't develop anything.
Start over with flashing the nbh file and re-root the phone, then flash the recovery image of your choice, I reccomend the one in my sig, then the HTC base image, then cyan's newest if you so choose - or one of the newer roms --not the old 1.1 and 1.5 roms like you tried to do.
Ouch. sorry I couldnt help
Thanks, that sounds like good advice.
P.S. next time I'll put REQ in the subject.
Or you can post in Q&A thread.
Hmm, still having the problem. Here are the steps I followed:
downgraded to rc29 (dreaimg.nbh)
start telnetd
telnet localhost, applied-RA recovery
reboot
applied defanged, cm latest, latest radio
reboot
stuck at TMO logo, similar crash logs as above.
I also just finished re-doing this once more, but with the signed_dream_devphone ROM, followed by CM.
And it also fails w/o CM. I can however downgrade to stock and let the OTA bring me up (unrooted) to 1.6. Does that make any sense at all to anyone?
At this point it's down to hardware failure if it doesn't work with the OTA update.
It *does* work with OTA. But not with defanged or signed-dream-devphone.
I am starting to think hardware as well though.
Well, I got eclair working pretty well so...nevermind, I guess.
lol
That's very curious as hell! Which Eclair brand are you testing?
Manup, like you. It's working well with some FCs here and there. I had it totally freak on me once tho, worked great for a day then it got stuck at boot. re-wiped/burn and it's good now for 2 days. made a backup this time.
I still think I may be having some sort of weird hardware issue, but it's so hard to isolate when I change the software so much.

Stock Nexus One stuck in endless animation loop

Hi... I rebooted my nexus one (stock) and it is stuck on the boot splash animation for over 10 mins. So I removed the battery and rebooted it and its 20 mins and the same issue. I connected it to my laptop and typed adb logcat and it keeps printing out to the log....
I/PackageParser( 572): com.eaa.calvinandhobbes: compat added android.permission.WRITE_EXTERNAL_STORAGE android.permission.READ_PHONE_STATE
I/PackageManager( 572): /data/app/com.eaa.calvinandhobbes.apk changed; collecting certs
E/PackageManager( 572): Package com.eaa.calvinandhobbes has mismatched uid: 10048 on disk, 10091 in settings
I have not hacked the phone in anyway and it has the latest google update. Please help.
here are some of the entries I see:
D/PackageManager( 807): Scanning app dir /data/app-private
I/PackageParser( 807): com.eaa.cartoon.garfield: compat added android.permission.WRITE_EXTERNAL_STORAGE android.permission.READ_PHONE_STATE
I/PackageManager( 807): /data/app-private/com.eaa.cartoon.garfield.apk changed; collecting certs
E/System ( 807): Failure starting core service
E/System ( 807): java.lang.NullPointerException
E/System ( 807): at com.android.server.PackageManagerService$PackageSettingBase.<init>(PackageManagerService.java:5888)
E/System ( 807): at com.android.server.PackageManagerService$PackageSetting.<init>(PackageManagerService.java:5979)
E/System ( 807): at com.android.server.PackageManagerService$Settings.getPackageLP(PackageManagerService.java:6279)
E/System ( 807): at com.android.server.PackageManagerService$Settings.getPackageLP(PackageManagerService.java:6094)
E/System ( 807): at com.android.server.PackageManagerService.scanPackageLI(PackageManagerService.java:2313)
E/System ( 807): at com.android.server.PackageManagerService.scanPackageLI(PackageManagerService.java:2082)
E/System ( 807): at com.android.server.PackageManagerService.scanDirLI(PackageManagerService.java:1978)
E/System ( 807): at com.android.server.PackageManagerService.<init>(PackageManagerService.java:595)
E/System ( 807): at com.android.server.PackageManagerService.main(PackageManagerService.java:335)
E/System ( 807): at com.android.server.ServerThread.run(SystemServer.java:116)
E/AndroidRuntime( 807): Crash logging skipped, no checkin service
I/SystemServer( 807): Status Bar
E/installd( 54): eof
E/installd( 54): failed to read size
I/installd( 54): closing connection
D/dalvikvm( 807): GC freed 4053 objects / 254984 bytes in 68ms
E/SystemServer( 807): Failure starting StatusBarService
E/SystemServer( 807): java.lang.NullPointerException
E/SystemServer( 807): at com.android.server.status.StatusBarIcon.getIcon(StatusBarIcon.java:143)
E/SystemServer( 807): at com.android.server.status.StatusBarIcon.<init>(StatusBarIcon.java:65)
E/SystemServer( 807): at com.android.server.status.StatusBarService.makeStatusBarView(StatusBarService.java:305)
E/SystemServer( 807): at com.android.server.status.StatusBarService.<init>(StatusBarService.java:236)
E/SystemServer( 807): at com.android.server.ServerThread.run(SystemServer.java:209)
E/AndroidRuntime( 807): Crash logging skipped, no checkin service
I/SystemServer( 807): Clipboard Service
I/SystemServer( 807): Input Method Service
E/SystemServer( 807): Failure starting Input Manager Service
E/SystemServer( 807): java.lang.NullPointerException
E/SystemServer( 807): at android.app.ApplicationContext.registerReceiverInternal(ApplicationContext.java:736)
E/SystemServer( 807): at android.app.ApplicationContext.registerReceiver(ApplicationContext.java:711)
E/SystemServer( 807): at android.app.ApplicationContext.registerReceiver(ApplicationContext.java:705)
E/SystemServer( 807): at com.android.server.InputMethodManagerService.<init>(InputMethodManagerService.java:426)
E/SystemServer( 807): at com.android.server.ServerThread.run(SystemServer.java:224)
E/AndroidRuntime( 807): Crash logging skipped, no checkin service
I/SystemServer( 807): NetStat Service
I/SystemServer( 807): Connectivity Service
V/ConnectivityService( 807): ConnectivityService starting up
W/dalvikvm( 807): threadid=23: thread exiting with uncaught exception (group=0x4001b180)
E/AndroidRuntime( 807): Uncaught handler: thread ConnectivityThread exiting due to uncaught exception
E/AndroidRuntime( 807): *** EXCEPTION IN SYSTEM PROCESS. System will crash.
E/AndroidRuntime( 807): java.lang.NullPointerException
E/AndroidRuntime( 807): at android.app.ActivityThread.getProvider(ActivityThread.java:4072)
E/AndroidRuntime( 807): at android.app.ActivityThread.acquireProvider(ActivityThread.java:4101)
E/AndroidRuntime( 807): at android.app.ApplicationContext$ApplicationContentResolver.acquireProvider(ApplicationContext.java:1463)
E/AndroidRuntime( 807): at android.content.ContentResolver.acquireProvider(ContentResolver.java:759)
E/AndroidRuntime( 807): at android.content.ContentResolver.query(ContentResolver.java:197)
E/AndroidRuntime( 807): at android.provider.Settings$NameValueCache.getString(Settings.java:498)
E/AndroidRuntime( 807): at android.provider.Settings$Secure.getString(Settings.java:1728)
E/AndroidRuntime( 807): at android.provider.Settings$Secure.getInt(Settings.java:1768)
E/AndroidRuntime( 807): at com.android.server.ConnectivityService.getPersistedNetworkPreference(ConnectivityService.java:336)
E/AndroidRuntime( 807): at com.android.server.ConnectivityService.<init>(ConnectivityService.java:212)
E/AndroidRuntime( 807): at com.android.server.ConnectivityService.<init>(ConnectivityService.java:54)
E/AndroidRuntime( 807): at com.android.server.ConnectivityService$ConnectivityThread.run(ConnectivityService.java:174)
E/AndroidRuntime( 807): Crash logging skipped, no checkin service
I/Process ( 807): Sending signal. PID: 807 SIG: 9
I/ServiceManager( 47): service 'entropy' died
I/ServiceManager( 47): service 'power' died
I/ServiceManager( 47): service 'SurfaceFlinger' died
I/ServiceManager( 47): service 'usagestats' died
I/ServiceManager( 47): service 'telephony.registry' died
I/ServiceManager( 47): service 'batteryinfo' died
I/ServiceManager( 47): service 'clipboard' died
I/ServiceManager( 47): service 'netstat' died
D/BootAnimation( 818): SurfaceFlinger died, exiting...
I/Zygote ( 802): Exit zygote because system server (807) has terminated
I/ServiceManager( 47): service 'media.audio_flinger' died
I/ServiceManager( 47): service 'media.player' died
I/ServiceManager( 47): service 'media.camera' died
I/ServiceManager( 47): service 'media.audio_policy' died
D/AndroidRuntime( 828):
try this:
1) connect your phone via usb
2) adb uninstall com.eaa.cartoon.garfield.apk
I just hope its an app causing this and not a corrupted os file!
A 'clear storage' (factory reset) option may be the only way
http://www.google.com/support/forum/p/android/thread?tid=03e896cc9089b31f&hl=en
Thanks britoso. "clear storage" worked, but I lost all my text messages . Is there a way to backup text messages along with apps?
http://www.appbrain.com/app/com.lookout saves texts online. Titanium backup or even Astro can backup your apps.

Updated Android Market

WHere can we get the new marketplace???
what new marketplace... image?
I'm wondering the same thing, I've been waiting over an hour and my market hasn't updated yet D:
Sent from my HTC Liberty using XDA App
kevina90 said:
what new marketplace... image?
Click to expand...
Click to collapse
http://blog.gsmarena.com/android-ma...-interface-refunds-now-limited-to-15-minutes/
I would also like to know.
Flashable zip... until dropbox says I'm over capacity:
Edit:nm... now it's giving me fc's
Sent from my Liberty using XDA App
http://getandroidstuff.com/android-market-download-version-226-improved-android-market-interface/
Sent from my HTC Liberty using XDA App
Works fine for me
Noz85 said:
Works fine for me
Click to expand...
Click to collapse
Same, I haven't gotten a FC yet. Even after reboot.
But I don't think this is the full thing, they said they were going to add a section just for Live Wallpapers. I don't see it.
brswattt said:
Same, I haven't gotten a FC yet. Even after reboot.
But I don't think this is the full thing, they said they were going to add a section just for Live Wallpapers. I don't see it.
Click to expand...
Click to collapse
The Stock Aria does not support Live Wallpapers.
This won't install for me do I have to flash this from adb?
Sent from my Liberty using XDA App
hungmung said:
This won't install for me do I have to flash this from adb?
Sent from my Liberty using XDA App
Click to expand...
Click to collapse
It installed fine on Fr008, normal install.
What are you running?
Noz85 said:
It installed fine on Fr008, normal install.
What are you running?
Click to expand...
Click to collapse
Cm 6.1 stable it keeps saying install unsuccessful.
Sent from my Liberty using XDA App
Try pushing it, make sure to do a nano just in case.
Wouldn't install so I pushed from adb. Even after wiping cache and data it still fc's when I go to "my apps". I'll wait for something official.
Sent from my Liberty using XDA App
Installed it on CM6 6.1 stable via clockwork and its not running smoothly getting FC's on market and gmail now, Restoring backup.
No install with clockwork
Sent from my HTC Liberty using XDA App
Running cm 6.1. What I did was rename the download vending.apk, downloaded the gapps and deleted the vending.apk in there and replaced it, then i flashed gapps in recovery and everything worked perfect.
Sent from the corner.
No matter what I do, the new market won't work for me. Once it did for a while...and then started the fc's again. You name it I've tried it. Ran permissions repair as well. Logcat:
D/GoogleLoginService( 353): onBind: Intent { act=android.accounts.AccountAuthenticator cmp=com.google.android.gsf/.loginservice.GoogleLoginService }
D/ResourceType( 828): calling getConfigurations
D/ResourceType( 828): called getConfigurations size=231
I/ActivityManager( 244): Displayed activity com.android.vending/.AssetBrowserActivity: 991 ms (total 991 ms)
D/GoogleLoginService( 353): onBind: Intent { act=android.accounts.AccountAuthenticator cmp=com.google.android.gsf/.loginservice.GoogleLoginService }
D/GoogleLoginService( 353): onBind: Intent { act=android.accounts.AccountAuthenticator cmp=com.google.android.gsf/.loginservice.GoogleLoginService }
D/dalvikvm( 828): GC_FOR_MALLOC freed 5944 objects / 551840 bytes in 88ms
E/vending ( 828): [12] AccountManagerHelper.getAuthTokenBlocking(): authentication failed
E/DatabaseUtils( 353): Writing exception to parcel
E/DatabaseUtils( 353): java.lang.SecurityException: Permission Denial: writing com.google.android.gsf.settings.GoogleSettingsProvider uri content://com.google.settings/partner from pid=828, uid=10090 requires com.google.android.providers.settings.permission.WRITE_GSETTINGS
E/DatabaseUtils( 353): at android.content.ContentProvider$Transport.enforceWritePermission(ContentProvider.java:348)
E/DatabaseUtils( 353): at android.content.ContentProvider$Transport.insert(ContentProvider.java:196)
E/DatabaseUtils( 353): at android.content.ContentProviderNative.onTransact(ContentProviderNative.java:146)
E/DatabaseUtils( 353): at android.os.Binder.execTransact(Binder.java:288)
E/DatabaseUtils( 353): at dalvik.system.NativeStart.run(Native Method)
W/dalvikvm( 828): threadid=11: thread exiting with uncaught exception (group=0x400207e8)
E/AndroidRuntime( 828): FATAL EXCEPTION: Thread-12
E/AndroidRuntime( 828): java.lang.SecurityException: Permission Denial: writing com.google.android.gsf.settings.GoogleSettingsProvider uri content://com.google.settings/partner from pid=828, uid=10090 requires com.google.android.providers.settings.permission.WRITE_GSETTINGS
E/AndroidRuntime( 828): at android.os.Parcel.readException(Parcel.java:1260)
E/AndroidRuntime( 828): at android.database.DatabaseUtils.readExceptionFromParcel(DatabaseUtils.java:160)
E/AndroidRuntime( 828): at android.database.DatabaseUtils.readExceptionFromParcel(DatabaseUtils.java:114)
E/AndroidRuntime( 828): at android.content.ContentProviderProxy.insert(ContentProviderNative.java:408)
E/AndroidRuntime( 828): at android.content.ContentResolver.insert(ContentResolver.java:592)
E/AndroidRuntime( 828): at com.google.android.gsf.GoogleSettingsContract$NameValueTable.putString(GoogleSettingsContract.java:55)
E/AndroidRuntime( 828): at com.google.android.gsf.GoogleSettingsContract$Partner.putString(GoogleSettingsContract.java:126)
E/AndroidRuntime( 828): at com.android.vending.compat.MarketCheckinHelper.updateCheckinDatabase(MarketCheckinHelper.java:12)
E/AndroidRuntime( 828): at com.android.vending.CheckinUpdater.sendContentSyncViaCheckin(CheckinUpdater.java:219)
E/AndroidRuntime( 828): at com.android.vending.CheckinUpdater.performCheckin(CheckinUpdater.java:176)
E/AndroidRuntime( 828): at com.android.vending.CheckinUpdater.access$000(CheckinUpdater.java:38)
E/AndroidRuntime( 828): at com.android.vending.CheckinUpdater$1.run(CheckinUpdater.java:109)
E/AndroidRuntime( 828): at com.android.vending.util.WorkService$1.run(WorkService.java:37)
W/ActivityManager( 244): Force finishing activity com.android.vending/.AssetBrowserActivity
D/dalvikvm( 329): GC_EXTERNAL_ALLOC freed 976 objects / 50712 bytes in 158ms
I/dalvikvm( 828): Jit: resizing JitTable from 512 to 1024
I/dalvikvm( 353): Jit: resizing JitTable from 512 to 1024
D/dalvikvm( 828): GC_FOR_MALLOC freed 6663 objects / 449776 bytes in 66ms
D/dalvikvm( 828): GC_FOR_MALLOC freed 2603 objects / 99088 bytes in 55ms
D/dalvikvm( 828): GC_EXTERNAL_ALLOC freed 4024 objects / 473008 bytes in 55ms
I/dalvikvm( 828): Jit: resizing JitTable from 1024 to 2048
D/dalvikvm( 828): GC_FOR_MALLOC freed 4257 objects / 389792 bytes in 61ms
D/dalvikvm( 828): GC_EXTERNAL_ALLOC freed 6612 objects / 565136 bytes in 61ms
D/dalvikvm( 828): GC_FOR_MALLOC freed 3996 objects / 399184 bytes in 56ms
D/dalvikvm( 828): GC_FOR_MALLOC freed 5794 objects / 569096 bytes in 58ms
D/dalvikvm( 828): GC_EXTERNAL_ALLOC freed 2090 objects / 159696 bytes in 57ms
D/dalvikvm( 828): GC_FOR_MALLOC freed 6625 objects / 630776 bytes in 65ms
D/dalvikvm( 828): GC_EXTERNAL_ALLOC freed 4109 objects / 409832 bytes in 57ms
D/dalvikvm( 828): GC_EXTERNAL_ALLOC freed 5336 objects / 524784 bytes in 60ms
I/Process ( 828): Sending signal. PID: 828 SIG: 9
D/dalvikvm( 725): GC_EXPLICIT freed 205 objects / 9576 bytes in 162ms
I/ActivityManager( 244): Process com.android.vending (pid 828) has died.
W/ActivityManager( 244): Scheduling restart of crashed service com.android.vending/.util.WorkService in 5000ms
I/ActivityManager( 244): Start proc com.android.vending for service com.android.vending/.util.WorkService: pid=859 uid=10090 gids={1015, 3003}
I/ActivityThread( 859): Publishing provider com.android.vending.SuggestionsProvider: com.android.vending.SuggestionsProvider
D/vending ( 859): [1] VendingApplication.onCreate(): Resetting ServiceLocator from app
D/dalvikvm( 725): GC_EXPLICIT freed 43 objects / 2272 bytes in 253ms
D/dalvikvm( 859): GC_FOR_MALLOC freed 2705 objects / 199752 bytes in 72ms
D/dalvikvm( 859): GC_FOR_MALLOC freed 5802 objects / 393064 bytes in 51ms
D/GoogleLoginService( 353): onBind: Intent { act=android.accounts.AccountAuthenticator cmp=com.google.android.gsf/.loginservice.GoogleLoginService }
D/GoogleLoginService( 353): onBind: Intent { act=android.accounts.AccountAuthenticator cmp=com.google.android.gsf/.loginservice.GoogleLoginService }
E/vending ( 859): [12] AccountManagerHelper.getAuthTokenBlocking(): authentication failed
D/dalvikvm( 244): GC_EXPLICIT freed 19808 objects / 983640 bytes in 123ms
E/DatabaseUtils( 353): Writing exception to parcel
E/DatabaseUtils( 353): java.lang.SecurityException: Permission Denial: writing com.google.android.gsf.settings.GoogleSettingsProvider uri content://com.google.settings/partner from pid=859, uid=10090 requires com.google.android.providers.settings.permission.WRITE_GSETTINGS
E/DatabaseUtils( 353): at android.content.ContentProvider$Transport.enforceWritePermission(ContentProvider.java:348)
E/DatabaseUtils( 353): at android.content.ContentProvider$Transport.insert(ContentProvider.java:196)
E/DatabaseUtils( 353): at android.content.ContentProviderNative.onTransact(ContentProviderNative.java:146)
E/DatabaseUtils( 353): at android.os.Binder.execTransact(Binder.java:288)
E/DatabaseUtils( 353): at dalvik.system.NativeStart.run(Native Method)
W/dalvikvm( 859): threadid=11: thread exiting with uncaught exception (group=0x400207e8)
E/AndroidRuntime( 859): FATAL EXCEPTION: Thread-12
E/AndroidRuntime( 859): java.lang.SecurityException: Permission Denial: writing com.google.android.gsf.settings.GoogleSettingsProvider uri content://com.google.settings/partner from pid=859, uid=10090 requires com.google.android.providers.settings.permission.WRITE_GSETTINGS
E/AndroidRuntime( 859): at android.os.Parcel.readException(Parcel.java:1260)
E/AndroidRuntime( 859): at android.database.DatabaseUtils.readExceptionFromParcel(DatabaseUtils.java:160)
E/AndroidRuntime( 859): at android.database.DatabaseUtils.readExceptionFromParcel(DatabaseUtils.java:114)
E/AndroidRuntime( 859): at android.content.ContentProviderProxy.insert(ContentProviderNative.java:408)
E/AndroidRuntime( 859): at android.content.ContentResolver.insert(ContentResolver.java:592)
E/AndroidRuntime( 859): at com.google.android.gsf.GoogleSettingsContract$NameValueTable.putString(GoogleSettingsContract.java:55)
