04-26 10:35:16.319 E/qcom_sensors_hal(836): hal_process_report_ind: Bad item quality: 11
04-26 10:35:16.379 E/qcom_sensors_hal(836): hal_process_report_ind: Bad item quality: 11
04-26 10:35:49.054 E/AKMD2 (478): AKMD_Init
04-26 10:35:49.064 E/qcom_sensors_hal(836): hal_process_report_ind: Bad item quality: 11
04-26 10:35:49.124 E/qcom_sensors_hal(836): hal_process_report_ind: Bad item quality: 11
04-26 10:35:49.264 E/MotoSensors(836): CT406 set ALS poll interval: 200
04-26 10:35:49.264 E/qcom_sensors_hal(836): _hal_sensors_set_delay: max_freq = 0. unsupported sensor? handle:22
04-26 10:35:49.274 E/MotoSensors(836): CT406 set ALS poll interval: 200
04-26 10:35:49.274 E/qcom_sensors_hal(836): _hal_sensors_set_delay: max_freq = 0. unsupported sensor? handle:22
04-26 10:35:49.284 E/LocSvc_api_v02(836): E/locClientSendReq:1938]: invalid handle
04-26 10:35:49.284 E/LocSvc_adapter(836): E/virtual loc_api_adapter_err LocApiV02Adapter::startFix():313]: set opertion mode failed status = eLOC_CLIENT_FAILURE_INVALID_HANDLE, ind..status = 
04-26 10:35:49.354 E/AKMD2 (478): AKMD8975 getFormation: keyboard switch open failed
04-26 10:35:52.938 E/qcom_sensors_hal(836): hal_process_report_ind: Bad item quality: 11
04-26 10:36:21.739 E/qcom_sensors_hal(836): hal_process_report_ind: Bad item quality: 11
04-26 10:36:26.944 E/AKMD2 (478): AKMD_Init
04-26 10:36:26.955 E/qcom_sensors_hal(836): hal_process_report_ind: Bad item quality: 11
04-26 10:36:27.015 E/qcom_sensors_hal(836): hal_process_report_ind: Bad item quality: 11
04-26 10:36:27.125 E/AKMD2 (478): AKMD8975 getFormation: keyboard switch open failed
04-26 10:36:27.125 E/MotoSensors(836): CT406 set ALS poll interval: 200
04-26 10:36:27.125 E/qcom_sensors_hal(836): _hal_sensors_set_delay: max_freq = 0. unsupported sensor? handle:22
04-26 10:36:27.135 E/MotoSensors(836): CT406 set ALS poll interval: 200
04-26 10:36:27.135 E/qcom_sensors_hal(836): _hal_sensors_set_delay: max_freq = 0. unsupported sensor? handle:22
04-26 10:36:27.195 E/LocSvc_api_v02(836): E/locClientSendReq:1938]: invalid handle
04-26 10:36:27.195 E/LocSvc_adapter(836): E/virtual loc_api_adapter_err LocApiV02Adapter::startFix():313]: set opertion mode failed status = eLOC_CLIENT_FAILURE_INVALID_HANDLE, ind..status = 
04-26 10:36:33.371 E/qcom_sensors_hal(836): hal_process_report_ind: Bad item quality: 11
04-26 10:36:33.431 E/qcom_sensors_hal(836): hal_process_report_ind: Bad item quality: 11
04-26 10:36:39.828 E/LocSvc_api_v02(836): E/locClientSendReq:1938]: invalid handle
04-26 10:36:39.828 E/LocSvc_adapter(836): E/virtual loc_api_adapter_err LocApiV02Adapter::injectPosition(double, double, float):539]: error! status = eLOC_CLIENT_FAILURE_INVALID_HANDLE, inject_pos_ind.status = 
Logcat right after reboot, same procedure, GPS works fine:
--------- beginning of /dev/log/main
04-26 10:38:57.399 E/QMI_FW (450): QMUXD: Service_id=228 not found over conn_id=0
04-26 10:38:57.409 E/QMI_FW (450): QMUXD: Service_id=228 not found over conn_id=9
04-26 10:39:01.724 E/SELinux (836): SELinux: Loaded file_contexts from /file_contexts
04-26 10:39:06.329 E/ConsumerIrService(836): Can't open consumer IR HW Module, error: -2
04-26 10:39:06.409 E/Sensors (476): sns_pwr.c(425):sns_pwr_set_cpu_latency: open error: 2
04-26 10:39:06.419 E/filemap (836): mmap(0,4096) failed: No such device
04-26 10:39:06.419 E/Tokenizer(836): Error reading file '/sys/board_properties/virtualkeys.cyttsp3-i2c', Invalid argument.
04-26 10:39:06.419 E/VirtualKeyMap(836): Error -22 opening virtual key map file /sys/board_properties/virtualkeys.cyttsp3-i2c.
04-26 10:39:06.449 E/qcom_sensors_hal(836): hal_process_report_ind: Bad item quality: 11
04-26 10:39:06.479 E/EventHub(836): could not get driver version for /dev/input/mice, Not a typewriter
04-26 10:39:08.721 E/WifiStateMachine(836): Failed to reload STA firmware java.lang.IllegalArgumentException: command '2 softap fwreload wlan0 STA' failed with '501 2 SoftAP command has failed'
04-26 10:39:09.282 E/lights (836): write_int failed to open /sys/class/leds/keyboard-backlight/brightness
04-26 10:39:09.812 E/OMXMaster(330): A component of name 'OMX.qcom.audio.decoder.aac' already exists, ignoring this one.
04-26 10:39:09.982 E/AwesomePlayer(330): LPAPlayer::Clip duration setting of less than 30sec not supported, defaulting to 60sec
04-26 10:39:10.012 E/AwesomePlayer(330): LPAPlayer::Clip duration setting of less than 30sec not supported, defaulting to 60sec
04-26 10:39:10.163 E/AwesomePlayer(330): LPAPlayer::Clip duration setting of less than 30sec not supported, defaulting to 60sec
04-26 10:39:10.183 E/AwesomePlayer(330): LPAPlayer::Clip duration setting of less than 30sec not supported, defaulting to 60sec
04-26 10:39:11.654 E/LocSvc_afw(836): E/const ulpInterface* loc_eng_get_ulp_inf(), dlopen for libulp.so failed, error = dlopen failed: library "libulp2.so" not found
04-26 10:39:11.654 E/LocSvc_afw(836): E/get_extension: Invalid interface passed in
04-26 10:39:11.674 E/LocSvc_afw(836): E/const GpsGeofencingInterface* get_geofence_interface(), dlsym for ulpInterface failed, error = undefined symbol: gps_geofence_get_interface
04-26 10:39:11.754 E/FlpHardwareProvider(836): Error hw_get_module 'flp': -2
04-26 10:39:11.754 E/FlpHardwareProvider(836): Error hw_get_module 'flp': -2
04-26 10:39:12.195 E/QMI_FW (836): QMUXD: WARNING qmi_qmux_if_alloc_service_client failed! service_id = 16, conn_id = 0, rc=-2 error = 31
04-26 10:39:12.405 E/QMI_FW (836): QMUXD: WARNING qmi_qmux_if_alloc_service_client failed! service_id = 16, conn_id = 9, rc=-5 error = 0
04-26 10:39:12.625 E/QMI_FW (836): QMUXD: Service_id=16 not found over conn_id=0
04-26 10:39:13.226 E/QMI_FW (836): QMUXD: Service_id=16 not found over conn_id=9
04-26 10:39:13.536 E/QMI_FW (836): QMUXD: Service_id=16 not found over conn_id=0
04-26 10:39:13.536 E/QMI_FW (836): QMUXD: Service_id=16 not found over conn_id=9
04-26 10:39:13.556 E/QMI_FW (836): QMUXD: Service_id=16 not found over conn_id=0
04-26 10:39:13.596 E/QMI_FW (836): QMUXD: Service_id=16 not found over conn_id=9
04-26 10:39:13.606 E/QMI_FW (836): QMUXD: Service_id=16 not found over conn_id=0
04-26 10:39:13.606 E/QMI_FW (836): QMUXD: Service_id=16 not found over conn_id=9
04-26 10:39:14.617 E/LocSvc_api_v02(836): E/loc_sync_wait_for_ind:460]: slot 0, timed out for ind_id QMI_LOC_SET_PROTOCOL_CONFIG_PARAMETERS_REQ_V02
04-26 10:39:14.617 E/LocSvc_api_v02(836): E/loc_sync_send_req:532]: loc_api_wait_for_ind failed, err -110, select id 0, status eLOC_CLIENT_FAILURE_TIMEOUT
04-26 10:39:14.617 E/LocSvc_adapter(836): E/virtual loc_api_adapter_err LocApiV02Adapter::setSUPLVersion(uint32_t):1215]: Error status = eLOC_CLIENT_FAILURE_TIMEOUT, ind..status = 
04-26 10:39:14.657 E/LocSvc_adapter(836): E/virtual loc_api_adapter_err LocApiV02Adapter::setLPPConfig(uint32_t):1277]: Error status = eLOC_CLIENT_FAILURE_INTERNAL, ind..status = 
04-26 10:39:14.738 E/BluetoothPhoneService(1148): Could not get a handle on Connection object for the call
04-26 10:39:14.828 E/LocSvc_eng(836): E/int loc_eng_init(loc_eng_data_s_type&, LocCallbacks*, LOC_API_ADAPTER_EVENT_MASK_T, void (*)(void*, void*)): log_eng state error: instance already initialized
04-26 10:39:14.828 E/LocSvc_eng(836): E/void loc_eng_agps_init(loc_eng_data_s_type&, AGpsCallbacks*): log_eng state error: agps instance already initialized
04-26 10:39:14.828 E/LocSvc_adapter(836): E/virtual void LocApiV02Adapter::setEngineLock(uint32_t):252]: set engine lock failed status = eLOC_CLIENT_FAILURE_INVALID_PARAMETER
04-26 10:39:15.618 E/MP-Decision(1450): MPDecision server starting
04-26 10:39:15.618 E/MP-Decision(1450): OPTION ENABLED: Control sleep modes
04-26 10:39:15.618 E/MP-Decision(1450): OPTION ENABLED: Adjusting average
04-26 10:39:15.618 E/MP-Decision(1450): Decision parameters CPU 0: Nw=0.000000, Tw=0, Ns=0.000000, Ts=0
04-26 10:39:15.618 E/MP-Decision(1450): Decision parameters CPU 1: Nw=1.990000, Tw=140, Ns=1.100000, Ts=190
04-26 10:39:15.618 E/MP-Decision(1450): Decision parameters: poll_ms: 9 decision_ms: 50
--------- beginning of /dev/log/system
04-26 10:39:15.809 E/WifiStateMachine(836): scanCount==0 - aborting
04-26 10:39:15.839 E/LocSvc_adapter(836): E/virtual void LocApiV02Adapter::setEngineLock(uint32_t):252]: set engine lock failed status = eLOC_CLIENT_FAILURE_INVALID_PARAMETER
04-26 10:39:16.840 E/LocSvc_adapter(836): E/virtual void LocApiV02Adapter::setEngineLock(uint32_t):252]: set engine lock failed status = eLOC_CLIENT_FAILURE_INVALID_PARAMETER
04-26 10:39:17.320 E/ConnectivityService(836): Unexpected mtu value: [email protected]
04-26 10:39:17.490 E/ConnectivityService(836): Unexpected mtu value: [email protected]
04-26 10:39:17.861 E/LocSvc_adapter(836): E/virtual void LocApiV02Adapter::setEngineLock(uint32_t):252]: set engine lock failed status = eLOC_CLIENT_FAILURE_INVALID_PARAMETER
04-26 10:39:18.632 E/NotificationService(836): Suppressing notification from package com.achep.activedisplay by user request.
04-26 10:39:19.072 E/LocSvc_adapter(836): E/virtual void LocApiV02Adapter::setEngineLock(uint32_t):252]: set engine lock failed status = eLOC_CLIENT_FAILURE_INVALID_PARAMETER
04-26 10:39:20.504 E/QC-time-services(432): Daemon:Update to modem bit set
04-26 10:39:20.504 E/QC-time-services(836): Receive Passed == base = 2, unit = 1, operation = 0, result = 0
04-26 10:39:21.955 E/QC-time-services(432): Daemon: Time-services: Waiting to acceptconnection
04-26 10:39:23.435 E/SELinux (1729): SELinux: Loaded file_contexts from /file_contexts
04-26 10:39:23.435 E/SELinux (1729): SELinux: Could not open /data/system/packages.list: Permission denied.
04-26 10:39:34.367 E/AppsCustomizePagedView(1177): Widget ComponentInfo{com.devhd.feedly/com.devhd.feedly.widget.FeedlyWidgetProvider_4_1} has invalid dimensions (0, 0)
04-26 10:39:34.367 E/AppsCustomizePagedView(1177): Widget ComponentInfo{fr.xplod.focal/org.cyanogenmod.focal.WidgetProvider} can not fit on this device (800, 184)
04-26 10:39:41.084 E/WiredAccessoryManager(836): No state change.
04-26 10:39:41.244 E/AwesomePlayer(330): LPAPlayer::Clip duration setting of less than 30sec not supported, defaulting to 60sec
04-26 10:39:41.254 E/AwesomePlayer(330): LPAPlayer::Clip duration setting of less than 30sec not supported, defaulting to 60sec
04-26 10:39:41.435 E/AwesomePlayer(330): LPAPlayer::Clip duration setting of less than 30sec not supported, defaulting to 60sec
04-26 10:39:41.445 E/AwesomePlayer(330): LPAPlayer::Clip duration setting of less than 30sec not supported, defaulting to 60sec
04-26 10:39:41.525 E/AwesomePlayer(330): LPAPlayer::Clip duration setting of less than 30sec not supported, defaulting to 60sec
04-26 10:39:41.535 E/AwesomePlayer(330): LPAPlayer::Clip duration setting of less than 30sec not supported, defaulting to 60sec
04-26 10:39:41.625 E/AwesomePlayer(330): LPAPlayer::Clip duration setting of less than 30sec not supported, defaulting to 60sec
04-26 10:39:41.625 E/AwesomePlayer(330): LPAPlayer::Clip duration setting of less than 30sec not supported, defaulting to 60sec
04-26 10:39:41.775 E/AwesomePlayer(330): LPAPlayer::Clip duration setting of less than 30sec not supported, defaulting to 60sec
04-26 10:39:41.785 E/AwesomePlayer(330): LPAPlayer::Clip duration setting of less than 30sec not supported, defaulting to 60sec
04-26 10:39:41.925 E/AwesomePlayer(330): LPAPlayer::Clip duration setting of less than 30sec not supported, defaulting to 60sec
04-26 10:39:41.925 E/AwesomePlayer(330): LPAPlayer::Clip duration setting of less than 30sec not supported, defaulting to 60sec
04-26 10:39:44.248 F/ActivityManager(836): Service ServiceRecord{4234b520 u0 com.google.android.music/.preferences.MusicPreferenceService$MusicPreferenceServiceBinder} in process ProcessRecord{41bd1c30 1818:com.google.android.music:main/u0a78} not same as in map: null
04-26 10:39:44.348 F/ActivityManager(836): Service ServiceRecord{41bb3638 u0 com.google.android.music/.net.NetworkMonitor} in process ProcessRecord{41bd1c30 1818:com.google.android.music:main/u0a78} not same as in map: null
04-26 10:39:46.220 E/GoogleConversionPing(2398): Error sending ping
04-26 10:39:46.220 E/GoogleConversionPing(2398): java.net.ConnectException: failed to connect to www.googleadservices.com/127.0.0.1 (port 80): connect failed: ECONNREFUSED (Connection refused)
04-26 10:39:46.220 E/GoogleConversionPing(2398): at libcore.io.IoBridge.connect(IoBridge.java:114)
04-26 10:39:46.220 E/GoogleConversionPing(2398): at java.net.PlainSocketImpl.connect(PlainSocketImpl.java:192)
04-26 10:39:46.220 E/GoogleConversionPing(2398): at java.net.PlainSocketImpl.connect(PlainSocketImpl.java:460)
04-26 10:39:46.220 E/GoogleConversionPing(2398): at java.net.Socket.connect(Socket.java:833)
04-26 10:39:46.220 E/GoogleConversionPing(2398): at com.android.okhttp.internal.Platform.connectSocket(Platform.java:131)
04-26 10:39:46.220 E/GoogleConversionPing(2398): at com.android.okhttp.Connection.connect(Connection.java:101)
04-26 10:39:46.220 E/GoogleConversionPing(2398): at com.android.okhttp.internal.http.HttpEngine.connect(HttpEngine.java:294)
04-26 10:39:46.220 E/GoogleConversionPing(2398): at com.android.okhttp.internal.http.HttpEngine.sendSocketRequest(HttpEngine.java:255)
04-26 10:39:46.220 E/GoogleConversionPing(2398): at com.android.okhttp.internal.http.HttpEngine.sendRequest(HttpEngine.java:206)
04-26 10:39:46.220 E/GoogleConversionPing(2398): at com.android.okhttp.internal.http.HttpURLConnectionImpl.execute(HttpURLConnectionImpl.java:345)
04-26 10:39:46.220 E/GoogleConversionPing(2398): at com.android.okhttp.internal.http.HttpURLConnectionImpl.getResponse(HttpURLConnectionImpl.java:296)
04-26 10:39:46.220 E/GoogleConversionPing(2398): at com.android.okhttp.internal.http.HttpURLConnectionImpl.getResponseCode(HttpURLConnectionImpl.java:503)
04-26 10:39:46.220 E/GoogleConversionPing(2398): at com.google.ads.conversiontracking.a.run(SourceFile:168)
04-26 10:39:46.220 E/GoogleConversionPing(2398): at java.lang.Thread.run(Thread.java:841)
04-26 10:39:46.220 E/GoogleConversionPing(2398): Caused by: libcore.io.ErrnoException: connect failed: ECONNREFUSED (Connection refused)
04-26 10:39:46.220 E/GoogleConversionPing(2398): at libcore.io.Posix.connect(Native Method)
04-26 10:39:46.220 E/GoogleConversionPing(2398): at libcore.io.BlockGuardOs.connect(BlockGuardOs.java:85)
04-26 10:39:46.220 E/GoogleConversionPing(2398): at libcore.io.IoBridge.connectErrno(IoBridge.java:127)
04-26 10:39:46.220 E/GoogleConversionPing(2398): at libcore.io.IoBridge.connect(IoBridge.java:112)
04-26 10:39:46.220 E/GoogleConversionPing(2398): ... 13 more
04-26 10:39:46.991 E/SQLiteLog(2479): (1) no such table: mmsconfig
04-26 10:39:46.991 E/Babel (2479): canonicalizeMccMnc: invalid mccmnc nullnull
04-26 10:39:47.441 E/ActivityThread(2509): Failed to find provider info for com.dropbox.carousel.CuOwnerCheckProvider
04-26 10:39:51.585 E/PhoneMonitor(2714): onOtaspChanged old =0, new =3
04-26 10:39:55.490 F/MusicLeanback(2654): Wakelock is not held while processing Intent: Intent { act=com.google.android.music.leanback.CONNECTIVITY_CHANGE cmp=com.google.android.music/.leanback.AutoCacheSchedulingService }
04-26 10:39:58.132 E/ConnectivityService(836): Exception trying to remove a route: java.lang.IllegalStateException: command '56 interface route remove rmnet0 default 0.0.0.0 0 201.188.155.174' failed with '400 56 Failed to remove route from default table (No such process)'
04-26 10:39:59.684 E/SQLiteLog(3077): (1) no such table: mmsconfig
04-26 10:39:59.684 E/Babel (3077): canonicalizeMccMnc: invalid mccmnc nullnull
04-26 10:40:01.326 E/JavaBinder(836): !!! FAILED BINDER TRANSACTION !!!
04-26 10:40:05.731 E/SecondaryTablController(320): ip route del failed: /system/bin/ip route del 201.188.155.174/32 via 0.0.0.0 dev rmnet0 table 60
04-26 10:40:05.741 E/SecondaryTablController(320): ip route del failed: /system/bin/ip route del 0.0.0.0/0 via 201.188.155.174 dev rmnet0 table 60
04-26 10:40:08.974 F/MusicLeanback(2654): Wakelock is not held while processing Intent: Intent { act=com.google.android.music.leanback.CONNECTIVITY_CHANGE cmp=com.google.android.music/.leanback.AutoCacheSchedulingService }
04-26 10:40:11.977 E/Sensors (476): sns_pwr.c(425):sns_pwr_set_cpu_latency: open error: 2
04-26 10:40:34.011 E/CheckinTask(1473): Checkin failed: https://android.clients.google.com/checkin (request #0): java.net.UnknownHostException: Unable to resolve host "android.clients.google.com": No address associated with hostname
04-26 10:40:37.915 E/HttpRetriever(2292): Couldn't retrieve data from url http://query.yahooapis.com/v1/publi...t ="-34.405120 -71.145143" and locale="es-US"
04-26 10:40:57.986 E/Sensors (476): sns_pwr.c(425):sns_pwr_set_cpu_latency: open error: 2
04-26 10:40:58.016 E/qcom_sensors_hal(836): hal_process_report_ind: Bad item quality: 11
04-26 10:40:58.036 E/qcom_sensors_hal(836): hal_process_report_ind: Bad item quality: 11
04-26 10:41:01.470 E/Sensors (476): sns_pwr.c(425):sns_pwr_set_cpu_latency: open error: 2
04-26 10:41:06.626 E/Sensors (476): sns_pwr.c(425):sns_pwr_set_cpu_latency: open error: 2
04-26 10:41:06.666 E/qcom_sensors_hal(836): hal_process_report_ind: Bad item quality: 11
04-26 10:41:06.686 E/qcom_sensors_hal(836): hal_process_report_ind: Bad item quality: 11
04-26 10:41:10.119 E/Sensors (476): sns_pwr.c(425):sns_pwr_set_cpu_latency: open error: 2
04-26 10:41:15.295 E/Sensors (476): sns_pwr.c(425):sns_pwr_set_cpu_latency: open error: 2
04-26 10:41:15.315 E/qcom_sensors_hal(836): hal_process_report_ind: Bad item quality: 11
04-26 10:41:15.335 E/qcom_sensors_hal(836): hal_process_report_ind: Bad item quality: 11
04-26 10:41:17.998 E/HttpRetriever(2292): Couldn't retrieve data from url http://weather.yahooapis.com/forecastrss?w=56048714&u=c
04-26 10:41:18.758 E/Sensors (476): sns_pwr.c(425):sns_pwr_set_cpu_latency: open error: 2
04-26 10:41:18.849 E/Sensors (476): sns_pwr.c(425):sns_pwr_set_cpu_latency: open error: 2
04-26 10:41:22.322 E/Sensors (476): sns_pwr.c(425):sns_pwr_set_cpu_latency: open error: 2
04-26 10:41:22.382 E/Sensors (476): sns_pwr.c(425):sns_pwr_set_cpu_latency: open error: 2
04-26 10:41:25.846 E/Sensors (476): sns_pwr.c(425):sns_pwr_set_cpu_latency: open error: 2
04-26 10:41:32.463 E/CheckinTask(1473): Checkin failed: https://android.clients.google.com/checkin (request #0): java.net.UnknownHostException: Unable to resolve host "android.clients.google.com": No address associated with hostname
04-26 10:44:09.631 E/Sensors (476): sns_pwr.c(425):sns_pwr_set_cpu_latency: open error: 2
04-26 10:44:09.661 E/qcom_sensors_hal(836): hal_process_report_ind: Bad item quality: 11
04-26 10:44:09.731 E/qcom_sensors_hal(836): hal_process_report_ind: Bad item quality: 11
04-26 10:44:21.804 E/Sensors (476): sns_pwr.c(425):sns_pwr_set_cpu_latency: open error: 2
04-26 10:44:21.824 E/qcom_sensors_hal(836): hal_process_report_ind: Bad item quality: 11
04-26 10:44:21.844 E/qcom_sensors_hal(836): hal_process_report_ind: Bad item quality: 11
04-26 10:44:25.298 E/qcom_sensors_hal(836): hal_process_report_ind: Bad item quality: 11
04-26 10:44:25.358 E/qcom_sensors_hal(836): hal_process_report_ind: Bad item quality: 11
04-26 10:44:30.383 E/qcom_sensors_hal(836): hal_process_report_ind: Bad item quality: 11
04-26 10:44:30.403 E/qcom_sensors_hal(836): hal_process_report_ind: Bad item quality: 11
04-26 10:44:33.887 E/qcom_sensors_hal(836): hal_process_report_ind: Bad item quality: 11
04-26 10:44:38.962 E/qcom_sensors_hal(836): hal_process_report_ind: Bad item quality: 11
04-26 10:44:38.972 E/qcom_sensors_hal(836): hal_process_report_ind: Bad item quality: 11
04-26 10:44:42.476 E/qcom_sensors_hal(836): hal_process_report_ind: Bad item quality: 11
04-26 10:44:47.471 E/qcom_sensors_hal(836): hal_process_report_ind: Bad item quality: 11
04-26 10:44:47.491 E/qcom_sensors_hal(836): hal_process_report_ind: Bad item quality: 11
04-26 10:44:50.995 E/qcom_sensors_hal(836): hal_process_report_ind: Bad item quality: 11
04-26 10:44:56.030 E/qcom_sensors_hal(836): hal_process_report_ind: Bad item quality: 11
04-26 10:44:56.050 E/qcom_sensors_hal(836): hal_process_report_ind: Bad item quality: 11
04-26 10:44:59.504 E/qcom_sensors_hal(836): hal_process_report_ind: Bad item quality: 11
04-26 10:44:59.574 E/qcom_sensors_hal(836): hal_process_report_ind: Bad item quality: 11
04-26 10:45:10.736 E/AKMD2 (476): AKMD_Init
04-26 10:45:10.766 E/qcom_sensors_hal(836): hal_process_report_ind: Bad item quality: 11
04-26 10:45:10.826 E/qcom_sensors_hal(836): hal_process_report_ind: Bad item quality: 11
04-26 10:45:10.946 E/MotoSensors(836): CT406 set ALS poll interval: 200
04-26 10:45:10.946 E/qcom_sensors_hal(836): _hal_sensors_set_delay: max_freq = 0. unsupported sensor? handle:22
04-26 10:45:10.946 E/MotoSensors(836): CT406 set ALS poll interval: 200
04-26 10:45:10.946 E/qcom_sensors_hal(836): _hal_sensors_set_delay: max_freq = 0. unsupported sensor? handle:22
04-26 10:45:11.026 E/AKMD2 (476): AKMD8975 getFormation: keyboard switch open failed
04-26 10:45:14.110 E/Ads (3739): IOException connecting to ad url.
04-26 10:45:20.556 E/qcom_sensors_hal(836): hal_process_report_ind: Bad item quality: 11

No WIFI or mobile data after flashing CM 12.1

EDIT: I got mobile data working. WIFI still isn't working for me though.
I have been using CM 11 on my device for a while without any major issues. However, just recently I installed a SaberMod variant of CM 12.1 (from this thread) and can't get internet connectivity since. Due to the rules of this site I'm not allowed to post in the relevant thread though, that's why I'm posting here.
My questions: How can I diagnose the source of this issue? Where can I can get help? Do you have any ideas or quick fixes?
I have added a log snippet below.
Code:
W/thermanager( 4878): failed to attach resource "cpu1" [sysfs], ignoring
E/thermanager( 4878): failed to parse threshold mitigations
E/thermanager( 4878): failed to parse thresholds
E/thermanager( 4878): failed to parse configuration sections
D/WifiService( 2587): setWifiEnabled: true pid=3617, uid=1000
E/WifiService( 2587): Invoking mWifiStateMachine.setWifiEnabled
E/WifiStateMachine( 2587): setting operational mode to 1
E/WifiStateMachine( 2587): InitialState !CMD_START_SUPPLICANT 0 0
D/ALSADevice( 2195): route: devices 0x2 in mode 0
D/ALSADevice( 2195): No valid input device: 0
D/alsa_ucm( 2195): snd_use_case_set(): uc_mgr 0xb8270388 identifier _enadev value Speaker
D/ALSADevice( 2195): switchDevice: mCurTxUCMDevivce None mCurRxDevDevice Speaker
D/alsa_ucm( 2195): snd_use_case_set(): uc_mgr 0xb8270388 identifier _verb value HiFi Lowlatency
D/alsa_ucm( 2195): Set mixer controls for Speaker enable 1
D/alsa_ucm( 2195): acdb_id 263 cap 1 enable 1
D/alsa_ucm( 2195): Setting mixer control: SLIM_0_RX Channels, value: Two
D/alsa_ucm( 2195): Setting mixer control: RX3 MIX1 INP1, value: RX1
D/alsa_ucm( 2195): Setting mixer control: RX3 MIX1 INP2, value: RX2
D/alsa_ucm( 2195): Setting mixer control: LINEOUT1 Volume, value: 100
D/alsa_ucm( 2195): Setting mixer control: RX3 Digital Volume, value: 71
D/alsa_ucm( 2195): Set mixer controls for HiFi Lowlatency enable 1
D/alsa_ucm( 2195): Setting mixer control: SLIMBUS_0_RX Audio Mixer MultiMedia5, value: 1
D/ALSADevice( 2195): close: handle 0xb82b4e90 h 0x0
D/ALSADevice( 2195): open: handle 0xb82b4e90, format 0x2
D/ALSADevice( 2195): Device value returned is hw:0,14
D/ALSADevice( 2195): handle->format: 0x2
D/ALSADevice( 2195): setHardwareParams: reqBuffSize 1024 channels 2 sampleRate 48000
D/ALSADevice( 2195): setHardwareParams: buffer_size 2048, period_size 1024, period_cnt 2
E/WifiStateMachine( 2587): Failed to load driver
E/WifiStateMachine( 2587): InitialState !CMD_SET_OPERATIONAL_MODE 1 0
E/WifiStateMachine( 2587): DefaultState !CMD_SET_OPERATIONAL_MODE 1 0
E/WifiStateMachine( 2587): InitialState !CMD_START_DRIVER 0 0
E/WifiStateMachine( 2587): DefaultState !CMD_START_DRIVER 0 0
E/WifiStateMachine( 2587): InitialState !CMD_SET_HIGH_PERF_MODE 0 0
E/WifiStateMachine( 2587): DefaultState !CMD_SET_HIGH_PERF_MODE 0 0
E/WifiStateMachine( 2587): setSuspendOptimizations: 2 true
E/WifiStateMachine( 2587): mSuspendOptNeedsDisabled 4
W/thermanager( 4889): failed to attach resource "cpu1" [sysfs], ignoring
E/thermanager( 4889): failed to parse threshold mitigations
E/thermanager( 4889): failed to parse thresholds
E/thermanager( 4889): failed to parse configuration sections
D/ALSADevice( 2195): standby: handle 0xb82b4e90 h 0x0
D/alsa_ucm( 2195): snd_use_case_set(): uc_mgr 0xb8270388 identifier _verb value Inactive
D/alsa_ucm( 2195): Set mixer controls for HiFi Lowlatency enable 0
D/alsa_ucm( 2195): Setting mixer control: SLIMBUS_0_RX Audio Mixer MultiMedia5, value: 0
D/alsa_ucm( 2195): snd_use_case_set(): uc_mgr 0xb8270388 identifier _disdev value Speaker
D/alsa_ucm( 2195): Set mixer controls for Speaker enable 0
D/alsa_ucm( 2195): Setting mixer control: RX3 MIX1 INP1, value: ZERO
D/alsa_ucm( 2195): Setting mixer control: RX3 MIX1 INP2, value: ZERO
D/alsa_ucm( 2195): Setting mixer control: LINEOUT1 Volume, value: 0
D/AudioUsbALSA( 2195): exitPlaybackThread, mproxypfdPlayback: -1
D/AudioUsbALSA( 2195): closeDevice handle 0x0
D/AudioUsbALSA( 2195): closeDevice handle 0x0
W/thermanager( 4891): failed to attach resource "cpu1" [sysfs], ignoring
E/thermanager( 4891): failed to parse threshold mitigations
E/thermanager( 4891): failed to parse thresholds
E/thermanager( 4891): failed to parse configuration sections
I/MediaFocusControl( 2587): AudioFocus abandonAudioFocus() from [email][email protected][/email][email protected]
I/HeadsetService( 3411): Audio session removed: 18
I/MediaFocusControl( 2587): AudioFocus abandonAudioFocus() from [email][email protected][/email][email protected]
I/ActivityManager( 2587): Killing 3895:com.android.dialer/u0a8 (adj 15): empty #17
W/thermanager( 4902): failed to attach resource "cpu1" [sysfs], ignoring
E/thermanager( 4902): failed to parse threshold mitigations
E/thermanager( 4902): failed to parse thresholds
E/thermanager( 4902): failed to parse configuration sections
V/lights.huashan( 2587): LEDs : 255 255 0 - delayOn : 0, delayOff : 0 - Flash : 0 - Update : 0/0 - Brightness : 255 - LEDs Mode : 1 - Mode : 2 (Not. 1 / Bat. 2)
W/thermanager( 4905): failed to attach resource "cpu1" [sysfs], ignoring
E/thermanager( 4905): failed to parse threshold mitigations
E/thermanager( 4905): failed to parse thresholds
E/thermanager( 4905): failed to parse configuration sections

Categories

Resources